 in base 6?
5413455
-3c0cfc (base 16) to base 12
-1399590
What is 11211570 (base 9) in base 12?
19a4376
What is 8b426 (base 15) in base 14?
b7673
-5140b (base 12) to base 14
-2a8b1
What is -128171b (base 13) in base 12?
-1b39287
Convert 1101101101000111011 (base 2) to base 11.
287448
-1212001000110 (base 3) to base 4
-3300130323
What is 114310354 (base 6) in base 4?
20102000332
What is 835772 (base 9) in base 14?
ccc5a
What is 680578 (base 9) in base 6?
12421242
What is -389339 (base 12) in base 14?
-1a24b3
-1133321201 (base 5) to base 10
-2635801
Convert -2059a34 (base 11) to base 5.
-1412121203
What is -78304 (base 13) in base 10?
-218014
What is 222020012111 (base 3) in base 4?
1332002320
2ac1d2 (base 14) to base 7
15456052
Convert 15513152 (base 7) to base 16.
16e0cb
What is -10622 (base 9) in base 14?
-280b
-204111 (base 9) to base 3
-20011010101
Convert -2a24696 (base 12) to base 4.
-200131203102
-423445241 (base 6) to base 16
-71c419
Convert -70594 (base 12) to base 10.
-145984
What is 101011010000111001001 (base 2) in base 5?
330331143
Convert 10011101011100101010 (base 2) to base 4.
2131130222
-293346 (base 10) to base 6
-10142030
What is 895737 (base 11) in base 13?
3acb07
Convert 96701 (base 11) to base 3.
21010212112
120022122011 (base 3) to base 9
508564
What is -21021011000022 (base 3) in base 10?
-3860792
-4460472 (base 10) to base 4
-101000332320
-365644 (base 8) to base 16
-1eba4
What is -459e3e (base 16) in base 6?
-241442354
1002022301321 (base 4) to base 12
5985bb5
What is 21320022120 (base 4) in base 13?
6c8769
Convert -54431110 (base 6) to base 9.
-3041316
Convert -400242312 (base 5) to base 14.
-2cca3c
What is 12120001102001 (base 3) in base 14?
56c4a9
Convert 1171047 (base 8) to base 12.
1376b3
What is -10111000001010111010011 (base 2) in base 7?
-102203313
-e0ae6 (base 16) to base 10
-920294
Convert 211212111000212 (base 3) to base 16.
b97437
What is 518a2 (base 12) in base 4?
122002322
-45363 (base 15) to base 8
-655757
Convert -1231010011 (base 4) to base 12.
-196631
What is 3046832 (base 10) in base 15?
402b72
9b53f (base 16) to base 7
5256610
-10001101111011000 (base 2) to base 7
-421564
What is -2acbcc (base 13) in base 8?
-4017513
Convert -12336242 (base 7) to base 8.
-4210673
1013355 (base 7) to base 9
204310
Convert -c553a (base 14) to base 11.
-2a5485
4307544 (base 8) to base 11
7166a0
What is 1043133340 (base 5) in base 14?
444a54
20344 (base 10) to base 2
100111101111000
What is 21461 (base 16) in base 8?
412141
Convert 8aa88a (base 12) to base 11.
128436a
What is 48354 (base 15) in base 5?
24332004
What is 6162065 (base 9) in base 4?
30202320002
Convert -398344 (base 10) to base 16.
-61408
Convert -1100111101100001100 (base 2) to base 3.
-210120121020
Convert -24111022 (base 5) to base 6.
-4434421
What is -c4e5e (base 15) in base 5?
-124433424
What is 39351 (base 10) in base 4?
21212313
What is 210012022 (base 4) in base 2?
100100000110001010
What is 20529 (base 12) in base 5?
2322400
What is -3ccca5 (base 13) in base 3?
-2210110020010
Convert 202123330 (base 4) to base 8.
423374
What is -1229241 (base 10) in base 15?
-194346
Convert -134210341 (base 5) to base 2.
-10101001100011000111
What is -57a1 (base 13) in base 16?
-300b
What is 10332111022 (base 4) in base 13?
368638
5b745a (base 12) to base 6
51454554
Convert -1055304 (base 8) to base 9.
-474418
What is 472367 (base 11) in base 7?
6241655
-47f3b (base 16) to base 15
-5c4ca
What is 336746 (base 9) in base 11?
128697
Convert 3300325 (base 6) to base 3.
22022011122
What is -100102101202 (base 3) in base 16?
-2d470
Convert 108316 (base 10) to base 16.
1a71c
What is -232100224 (base 5) in base 11?
-657a24
12212212101 (base 3) to base 15
244ad
-1211144 (base 7) to base 3
-21211100222
Convert d3a39 (base 15) to base 8.
2435532
Convert -5340401 (base 11) to base 4.
-203312323013
What is -100111010110100111000 (base 2) in base 9?
-2374808
Convert -4341041 (base 5) to base 9.
-123201
1865623 (base 9) to base 5
232003401
What is 30023013101 (base 4) in base 10?
3191249
What is 86387 (base 12) in base 5?
21124131
-789566 (base 11) to base 14
-24a1db
Convert -156382 (base 9) to base 4.
-113210201
Convert c583 (base 13) to base 12.
13984
-54478 (base 13) to base 3
-21202000021
What is 1001111100111101010011 (base 2) in base 11?
152218a
What is -11324 (base 14) in base 12?
-20218
What is -a5aa39 (base 11) in base 9?
-3167534
-351b0 (base 14) to base 4
-133210212
Convert 100110111001101100 (base 2) to base 16.
26e6c
What is cbb21 (base 15) in base 9?
1185624
What is -4914a1a (base 11) in base 9?
-17081765
Convert -1930444 (base 10) to base 8.
-7272314
What is 130103213301 (base 4) in base 6?
423013413
What is -3546410 (base 7) in base 6?
-13341555
What is 202110011121 (base 3) in base 4?
1202101210
1834222 (base 15) to base 6
1425523122
348820 (base 15) to base 6
125441503
-101002113220 (base 4) to base 6
-235420344
Convert -10011001001011000 (base 2) to base 4.
-103021120
-1dbd1 (base 15) to base 11
-67008
Convert 110010202202 (base 3) to base 13.
849b3
Convert c140d (base 16) to base 4.
3001100031
Convert -3397083 (base 12) to base 10.
-9903267
Convert -1329750 (base 10) to base 7.
-14205552
What is 11101011110001010000 (base 2) in base 16?
ebc50
Convert -1546477 (base 8) to base 14.
-b863d
Convert -119b2b3 (base 16) to base 13.
-3a94cab
What is 110000000001110101111010 (base 2) in base 4?
300001311322
Convert 1236754 (base 8) to base 14.
8d2a0
Convert 4153533 (base 6) to base 7.
1500063
2431343 (base 6) to base 16
1f68f
What is 4500344 (base 6) in base 8?
670550
What is 1236315 (base 8) in base 13?
c0306
Convert 321102103 (base 4) to base 7.
1665043
Convert 10310143 (base 6) to base 9.
513770
77411 (base 11) to base 3
12201001021
9210190 (base 10) to base 13
1ba6222
-24a2 (base 14) to base 15
-1d79
Convert -4c4114 (base 15) to base 6.
-210230344
-21321232312 (base 4) to base 13
-6cb674
Convert -110004224 (base 5) to base 11.
-2a066a
What is 14b5662 (base 12) in base 2?
10000000110000001101010
-55415 (base 8) to base 15
-6d8e
2021000221020 (base 3) to base 15
18ae49
What is -1720b6 (base 12) in base 3?
-202012101010
233232311 (base 5) to base 2
100000101011101101100
Convert -15f864 (base 16) to base 12.
-5952b0
Convert 115341435 (base 6) to base 9.
4155565
What is 1409312 (base 10) in base 11?
882923
Convert -4b273a (base 14) to base 7.
-30636103
Convert 25d39 (base 14) to base 9.
151701
What is -121010222021 (base 3) in base 16?
-4d980
Convert 349cd0 (base 16) to base 13.
939560
-411500 (base 6) to base 7
-164421
What is 10131202111 (base 4) in base 13?
31c45c
Convert 3526464 (base 11) to base 16.
5df5c0
What is 1003104454 (base 6) in base 9?
21216077
Convert -3132043313 (base 5) to base 10.
-6518583
-221222 (base 13) to base 3
-1111202111202
-13555143 (base 6) to base 2
-1110001110111100111
What is 220220011020 (base 3) in base 8?
1675022
-819a52 (base 14) to base 12
-1567760
Convert 14002014 (base 6) to base 11.
299958
What is 114251011 (base 6) in base 7?
24300646
What is 418951a (base 12) in base 16?
bcd3a6
What is 220121110110211 (base 3) in base 9?
26543424
22321230 (base 6) to base 4
2211313302
30600 (base 10) to base 15
9100
70c85 (base 13) to base 5
22431224
What is -111410012 (base 5) in base 11?
-30a86a
-68669b (base 12) to base 5
-411421411
What is 8848 (base 11) in base 14?
4376
-23696 (base 14) to base 13
-30410
Convert 4443011 (base 5) to base 8.
230071
163875 (base 10) to base 9
268713
What is a104bc (base 13) in base 6?
212113322
What is -50606 (base 11) in base 13?
-27866
-995cc2 (base 14) to base 15
-6cb6bc
Convert 1034004020 (base 5) to base 7.
25062153
Convert -220012002201112 (base 3) to base 15.
-11ddd3e
235556 (base 7) to base 14
11866
What is -313370 (base 8) in base 9?
-167820
14013213 (base 5) to base 4
202211303
4d082 (base 16) to base 4
1031002002
Convert -10100001101010000011110 (base 2) to base 6.
-305311554
-3364225 (base 8) to base 10
-911509
-310136 (base 10) to base 5
-34411021
6388075 (base 10) to base 8
30274553
What is 1427709 (base 11) in base 8?
11273264
Convert -17a154 (base 14) to base 7.
-10043534
What is 475984 (base 14) in base 12?
995740
-12013407 (base 9) to base 10
-5854930
Convert 2004046 (base 7) to base 15.